 the prime factors of b?
7, 13
What are the prime factors of 297580/80*50/5*(-12)/(-15)?
2, 14879
Let m(t) = -18*t + 25. Let h be ((-13)/((-39)/4))/((-2)/9). Let d be m(h). Suppose -252 = 131*f - d*f. What are the prime factors of f?
2, 3, 7
Let y(z) = 10*z**2 + 17*z - 15. Let v = -690 + 678. List the prime factors of y(v).
3, 11, 37
Let y = 645 - 171. Suppose 32*r = 12230 + y. What are the prime factors of r?
397
Suppose -1565*i = -1525*i - 1106360. List the prime factors of i.
17, 1627
Suppose 4*d + 3584 = 4*i, -2*d = -7*d + 10. Let a = -224 + i. List the prime factors of a.
2, 337
Suppose 103 = 14*z + 33. Suppose -30 = -5*v - z*r, -5*v + 2*r + r + 30 = 0. Suppose v*p + 88 = 430. List the prime factors of p.
3, 19
Suppose -2*p - 146926 - 120066 = -10*p. What are the prime factors of p?
2, 11, 37, 41
Let n = 118 - 105. Suppose 14*t = n*t + 41. What are the prime factors of t?
41
Let g = 145 + -523. Let k = -62 - g. Let p = k + -123. What are the prime factors of p?
193
List the prime factors of ((4/(-30))/((-8)/24))/((-1)/(-11655)).
2, 3, 7, 37
Let b(h) = 3*h - 5*h**2 - 3 + 0*h**2 + 44*h**3 + 2*h**2 + 2. Let q be b(2). Suppose -l - 177 = -i, 5*i - 4*l - 1230 + q = 0. List the prime factors of i.
3, 59
Let j = -170 + -512. List the prime factors of ((-10)/(-40)*4)/((-2)/j).
11, 31
Suppose 0 = 2*b - 0*b + 124. Let v = b - -17. Let y = v - -102. What are the prime factors of y?
3, 19
Let d = 1701 - -5964. List the prime factors of d.
3, 5, 7, 73
Let f(n) = 3*n**2 - 35*n + 60. Let u be f(23). Suppose 0 = 2*q - 0*q - u. What are the prime factors of q?
421
Suppose 361508 + 483392 = 52*v - 47888. List the prime factors of v.
3, 59, 97
Let n(g) = g + 17. Let d be n(-13). Let k = 37 - d. What are the prime factors of (4 + k/(-9))/((-2)/(-1686))?
281
Let q(o) = o**2 - 7*o - 40. Let t be q(-4). Suppose 54 = t*c + 14*c. Suppose 0 = -3*r - c*w - w + 266, 4*r = w + 361. What are the prime factors of r?
2, 3, 5
Suppose -556883 + 69987 = 4*g - 20*g. What are the prime factors of g?
30431
Suppose -9*u + 6 + 12 = 0. Suppose u*g - 159 - 481 = 0. List the prime factors of g.
2, 5
Suppose -18*u = -261321 + 35007. List the prime factors of u.
3, 11, 127
Let f(q) = 250*q**2 + q + 7. Let l be f(-3). Let s = l + -1608. What are the prime factors of s?
2, 17, 19
Let z(x) = -151*x**2 - 2*x + 2. Let s be z(-2). Let t = 773 + s. List the prime factors of t.
5, 7
Let h = 7809 - 3080. List the prime factors of h.
4729
Let m(c) = 5 - 22*c**2 + 113*c + 8*c - 26 + 19*c**2. What are the prime factors of m(36)?
3, 149
Let p(h) = -h**3 + 12*h**2 + 29*h - 12. Let i be p(14). Let v be 94/4 + (-4)/(-16)*i. Suppose v = 8*c - 6*c. List the prime factors of c.
2, 3
Let o = 28963 - 19459. List the prime factors of o.
2, 3, 11
Let v(d) = -2*d + 0*d**2 - 16*d**3 - 14 + 8*d**2 - 6*d**2. Let x be v(-3). Let h = x + -256. What are the prime factors of h?
2, 3, 31
List the prime factors of (-12)/(-8)*62/93*(15469 - 0).
31, 499
Suppose -60 = 14*z - 19*z. Let l = -13 + 21. List the prime factors of (z/l)/((-5)/(-10)).
3
Suppose -10 = 4*q + 5*j, -2*q + 4 = -0*q - 2*j. Let c = q - -35. Suppose -c - 79 = -3*y. What are the prime factors of y?
2, 19
Suppose o = -2*t - 605 - 944, 5*t = -3*o - 3871. List the prime factors of t/(-32) - (-3)/(-12).
2, 3
Let h(z) = 8*z**2 - 18*z + 1. Let u(n) = -12*n**2 + 27*n - 2. Let s(l) = -7*h(l) - 5*u(l). Let c be s(2). List the prime factors of (-1)/((-1)/c)*(-3 - -178).
5, 7
Suppose -277 = -t + 5*a, 4*t + 0*t + 4*a = 1156. List the prime factors of 49/8 - (t/56 + -5).
2, 3
Let b(m) = m**3 - 12*m**2 + 10*m - 22. Let l be b(11). Let s = 43 - l. List the prime factors of s.
2, 19
Let p(t) = 2*t**2 + 6*t + 21. Suppose -3*m - 6 = -3*k, k - 1 - 8 = 2*m. Let r be p(m). Suppose -78*i + r*i = -128. What are the prime factors of i?
2
Let o = 8813 - 4225. List the prime factors of o.
2, 31, 37
Let p = -15 - -23. Suppose -4*k + 2*l = -52, -k = 2*l + 3*l + 9. Suppose 0 = 7*j - p*j + k. List the prime factors of j.
11
Let u(s) = 5700*s**3 + 2*s**2 - s. List the prime factors of u(1).
5701
Let u = 0 - 386. Let n = 714 + u. Suppose 8*q + 0 = n. List the prime factors of q.
41
Let m be 469*9*(-2)/(-21) - -3. Suppose 0 = -5*f + 5*r + 210 + m, -2*r = 4*f - 498. Suppose -5*k - g = -0*k - 644, f = k - g. What are the prime factors of k?
2
Suppose -10 = f + 5*x, f + 3*x + 10 = x. Let p = 13 + f. Suppose 3*v - 183 + 36 = -5*u, -3*v = p*u - 153. What are the prime factors of v?
2, 3
Let l(u) = 3*u**2 + 26*u + 511. List the prime factors of l(51).
2, 5, 241
Suppose -2 = 5*j - 3*l - 27, l = -5*j + 45. Suppose -j*s = -51 + 3. What are the prime factors of s?
2, 3
Let s be 180/480 - (0 - (-9974)/16). Let i = -570 - s. What are the prime factors of i?
53
Let u(c) = -c**3 - 43*c**2 + 11*c - 61. Let w be u(-44). What are the prime factors of w/5 - 10/50?
2, 139
Let m = 574 + -570. Suppose -5*h + m = -6, j - 2*h - 736 = 0. What are the prime factors of j?
2, 5, 37
Suppose 5*i - 10598 = 2*o + 125987, 5*i + 2*o = 136585. List the prime factors of i.
59, 463
Let a(j) = 3*j + 254. Let s = 94 + -119. Let k be (5/s*0)/3. What are the prime factors of a(k)?
2, 127
Let i = 2590 - 477. Suppose -u = -2*z + i, z + 2*u + 37 - 1081 = 0. What are the prime factors of z?
2, 17, 31
Let t = 3139 + -1519. Suppose 0*y - 4*y + t = 0. List the prime factors of y.
3, 5
Let d(h) = h + 5. Let p(v) = 2*v. Let r be p(-2). Let m be (-6)/r*2/(-3). What are the prime factors of d(m)?
2
Let j(y) = y**3 - 12*y**2 + 3. Suppose 0 = r - 4*r + 36. Let b be j(r). Suppose a - s = 145, -3*a + b*s + 291 = -a. What are the prime factors of a?
2, 3
Let m(f) = f**3 - 6*f**2 + 4*f - 3. Let x be m(5). Let j(s) = -53*s + 13. List the prime factors of j(x).
19, 23
Let u(l) be the first derivative of 49*l**2/2 - 116*l + 73. List the prime factors of u(15).
619
Suppose 0 = 38*u + 8*u - 747574 - 1229414. List the prime factors of u.
2, 3, 13, 19, 29
What are the prime factors of 14/(-8) - -2 - (5987/(-4) - -7)?
2, 5, 149
Let p be -14*(301/(-22) + (-10)/(-55)). What are the prime factors of -17 + 21 + 0 + p?
193
Let n = 1595 + -305. What are the prime factors of n?
2, 3, 5, 43
Let u(y) = -11*y - 2. Let j(t) = -2*t + 5. Let f be j(2). Let g be (f - 2)*(1 - 0). List the prime factors of u(g).
3
Let z be (-30 + 0)/((-15)/(-140)). Let i = -124 - z. What are the prime factors of i?
2, 3, 13
Suppose 3*g + 2*f = 7*g - 40, 0 = -3*g + 4*f + 25. Let z be 1142/g + 20/110. Suppose m = z - 16. List the prime factors of m.
2, 11
Let k(b) = 4*b**3 - 8*b**2 + 5*b + 37. What are the prime factors of k(9)?
2, 5, 47
Let l(f) = 7*f + 37. Let h be l(-11). Let q = 49 + h. Let y(u) = 2*u**2 - 4*u - 26. List the prime factors of y(q).
2, 5
Let p be (-272)/476 + 244/(-14). Let a(t) = 0*t**3 + t**3 + 12*t**2 - t**2 - 17 - 28*t + 6*t**2. List the prime factors of a(p).
163
Let g(q) = 54*q + 161. Let w be g(-44). Let a = -1262 - w. What are the prime factors of a?
953
Let i(y) = -17*y - 17. Let t(n) = -35*n - 35. Let o(k) = 5*i(k) - 2*t(k). Let p be o(-3). Let c = p - -79. List the prime factors of c.
109
Let t = -1998 + 65086. List the prime factors of t.
2, 3943
Let c = 2376 - 2387. Let x(i) be the second derivative of i**5/20 + 7*i**4/6 + 3*i**3 - 5*i**2 + 2*i. List the prime factors of x(c).
5, 31
Suppose d + 0*d = 1. Let g(n) = -56*n + 2. Let v be g(d). Let y = -20 - v. What are the prime factors of y?
2, 17
Let j(i) = i**2 + 4*i + 8. Let q be j(-2). What are the prime factors of 18/(-9)*(-1290)/q?
3, 5, 43
What are the prime factors of (-4410)/105*(-362)/4?
3, 7, 181
Let y(q) = -46*q**2 + 3*q + 71. Let k(b) = -47*b**2 + b + 70. Let d(m) = -3*k(m) + 2*y(m). What are the prime factors of d(-6)?
2, 839
Let r(u) be the third derivative of u**6/120 - u**5/4 + 7*u**4/12 + 19*u**3/6 - 19*u**2. Let d be r(14). List the prime factors of (4 + d)*(-6)/(0 - 3).
2, 23
Suppose -5269 + 49117 = 54*z. What are the prime factors of z?
2, 7, 29
Suppose -5*r + 7*r = 2. Let x be r + -5 - (-402)/(-6). Let a = x - -120. List the prime factors of a.
7
Let s = 4 - -22. Suppose 6*g - 4*g = 4*k + s, 4*g = -2*k + 52. List the prime factors of g.
13
Suppose -11*d = 5*o - 277507, -9*d + 8*d - 8 = 0. What are the prime factors of o?
59, 941
Let j be (10/4)/((-3)/(-6)) - 3. Let p be (440 -